 greatest common divisor of c and 4068?
12
Let m be 2*(3225/6 + -9) + -7. What is the greatest common divisor of m and 450?
150
Suppose -5*z = -4*y + 3932, 972 = y + 39*z - 43*z. Calculate the highest common factor of y and 456.
76
Let j(i) = 2*i**2 + 59*i - 264. Let l be j(5). What is the greatest common factor of l and 864?
27
Let v(k) be the first derivative of 83*k**2/2 + 80*k + 43. Let n be v(5). Calculate the greatest common divisor of 45 and n.
45
Let b be (-97)/(-9) + (-301)/63 + 5. Let d(p) = 5*p - 2. Let s be d(1). Suppose s*y = 6*y - 99. What is the highest common factor of b and y?
11
Let x(d) = -125*d - 2080. Let h be x(-17). What is the highest common factor of h and 2187?
9
Let d be 918/45*1/(6/80). Let n = d + -224. What is the highest common divisor of n and 6?
6
Let r = -1 - 1. Let t be r*(-162)/8*6. What is the highest common factor of t and 9?
9
Suppose -4*l + 5*l - 5 = 0. Suppose -l*y = 3*w - 208, 5*w - 3*y + y = 388. Suppose 14*i - 1458 = 138. What is the highest common divisor of i and w?
38
Let q = 231410 + -231081. Suppose 5*d + 3*i - 455 = -0*i, -3*d + 3*i + 297 = 0. Calculate the highest common factor of d and q.
47
Let l = -6 - 81. Let g = l - -135. Calculate the greatest common factor of g and 16.
16
Let c(u) = -2*u**3 - 10*u**2 - 23*u + 82. Let a be c(-14). Calculate the greatest common factor of 8 and a.
4
Suppose 661 = 3*i + o, -2*o - 20 = -7*o. Calculate the highest common factor of i and 22557.
219
Suppose 75*t = -2*n + 70*t + 23362, 4*t + 35020 = 3*n. What is the highest common factor of 63 and n?
21
Let m be -14*12/(-14)*-4*(-399)/304. What is the greatest common divisor of 1314 and m?
9
Suppose 2*u = -2*i + 30698, -222*i = -223*i - 2*u + 15355. What is the greatest common divisor of 229 and i?
229
Suppose p = 3*l - 12 - 130, l = 2*p + 39. Calculate the greatest common factor of l and 35.
7
Suppose 3*l + y = 829, y + y = 4*l - 1122. Let t = l + -226. Calculate the greatest common divisor of 20 and t.
4
Let o(y) = 3*y**3 + 3*y**2 - 2*y + 32. Let a be o(0). What is the highest common divisor of a and 306?
2
Suppose 0 = -15*t + 19*t - 360. Suppose 20*q - 25*q + t = 0. Let j be 10/(-3)*-1*q/5. Calculate the greatest common divisor of 24 and j.
12
Let q = 10 + 0. Suppose -6*p + q*p = 36. Suppose 0 = p*b - 2*b - 112. Calculate the greatest common factor of 4 and b.
4
Let y be (30/(-60))/(2/(-240)). Suppose y - 156 = -2*r. What is the greatest common factor of r and 128?
16
Suppose -38 = -32*w + 31*w. Let a = w - 7. What is the highest common factor of 3 and a?
1
Suppose 3*s + 11 + 4 = 0, s - 25 = -3*p. Let t be 1/(-5*(-2)/p). Let h(m) = -m**3 - 2*m + 13. Let v be h(0). What is the greatest common factor of v and t?
1
Suppose 3*z - u = 130, 4*z - 5*u = 228 - 51. Let t = -9 + z. Suppose -41 = -d - t. What is the highest common divisor of d and 7?
7
Suppose -60*u - 5000 = -2*d - 57*u, -4 = 2*u. What is the highest common divisor of d and 77?
11
Let m = -12719 - -12783. What is the highest common divisor of m and 6048?
32
Suppose 2*b + 3 = -x, -10*x - 3*b = -13*x + 18. Suppose -x*c + 3*r - 8 + 77 = 0, 18 = c - 2*r. Calculate the highest common factor of 126 and c.
14
Let t be -3*(-2)/(-30) + 60346/130. Calculate the highest common factor of t and 377.
29
Let t(m) = -15*m**3 - 1. Let q be t(1). Let l = 79 + -25. Let z be ((-2)/(-3))/(q/(-12))*l. What is the greatest common factor of z and 135?
27
Let j be (-2 - 0)/((-29 + 31)/((-1179)/3)). Calculate the greatest common divisor of 6 and j.
3
Suppose -4*m - 2*v = 3*v - 2644, 4*v = -m + 672. What is the greatest common divisor of m and 738?
82
Let d(x) = x**2 - 40*x + 886. Let f be d(65). Calculate the highest common divisor of f and 186.
93
Let h(v) = v**3 - 5*v**2 - 5*v + 6. Let l be h(6). Suppose 5*x - 60 = -4*s, -38*s = -40*s + x + 16. Calculate the greatest common divisor of l and s.
2
Let x = 13393 + -13272. Calculate the highest common divisor of x and 352.
11
Let m = 8989 + -8890. What is the greatest common factor of m and 2145?
33
Suppose 87*f = 94*f - 4095. Calculate the greatest common divisor of f and 45.
45
Let o be -32*(25/10*-6 + -2). Let g = -368 + o. What is the highest common divisor of g and 132?
44
Let p = -56 + 66. Suppose p*r - 5*r = 4*c + 206, 2*r - 4*c - 80 = 0. Calculate the highest common divisor of r and 42.
42
Let s be 40542/(-466)*(2/(-7) + 16/(-42)). Calculate the greatest common divisor of s and 6699.
29
Let s be (8 - 1)/(-1) + 831060/76. Calculate the greatest common divisor of s and 64.
16
Suppose 3*l + 9 = 0, 20*p = 17*p + 7*l + 3741. What is the greatest common divisor of 13144 and p?
248
Let y(s) = -32*s + 711. Let c be y(21). What is the greatest common divisor of c and 273?
39
Suppose 5*j + 5*m = 40, j - 6*j = -3*m - 8. Suppose 5*v = n + 4*v - 571, 0 = -j*n - 3*v + 2277. What is the highest common divisor of 30 and n?
30
Let s be (78/(-8))/((-21)/112*4). What is the greatest common divisor of 936 and s?
13
Let v be (-40)/6*(-9)/2. Let q be (-60)/(-9)*45/80*-34*-4. Calculate the highest common factor of v and q.
30
Let f(r) = -r**3 - r**2 - r + 4. Let v be 45/(-11) + (-1)/(-11). Let w be f(v). Calculate the greatest common factor of w and 84.
28
Let n(b) = -b**2 - 18*b + 23. Let s be n(-16). Let g be 291/27 + (-4)/(-18). What is the highest common divisor of g and s?
11
Suppose 0*r + 92 = 2*r. Suppose 16*l - 23*l = 77. Let b = l + r. Calculate the greatest common factor of 105 and b.
35
Suppose 0 = 266*k - 255*k - 495. Calculate the highest common divisor of 10 and k.
5
Let s be (-2 + 10 - (-312)/(-5))*5/(-2). What is the highest common factor of 512 and s?
8
Let n = 10921 + -10897. What is the greatest common divisor of 8292 and n?
12
Let d(q) = 11*q + 281. Let n be d(-26). Let a(y) = -y**3 - 3*y**2 - 5*y - 9. Let t be a(n). Calculate the highest common divisor of 11 and t.
11
Suppose -59*q - 1067 + 1539 = 0. Let m be ((-6)/(-4))/((-6)/(-1888)). What is the greatest common divisor of m and q?
8
Suppose -5*i = 4*a - 216 - 119, -5*a = -i + 67. What is the highest common factor of i and 5?
1
Let c be 3*(-12565)/(-126) + (-10)/(-12). Calculate the greatest common factor of c and 66.
6
Let q be ((-5)/((-225)/(-54)))/(0 - (-3)/(-270)). Calculate the greatest common divisor of 164 and q.
4
Let w = 18881 - 10214. What is the highest common factor of w and 107?
107
Let g(y) = -3*y**3 - 19*y**2 - 8*y + 9. Let w be g(-6). Suppose -w*r + 400 = -13*r. What is the highest common factor of 20 and r?
10
Suppose -5*t = -6*h + 2*h - 31, -3*t = -3*h - 21. Suppose -518 = -3*v + 2*r, -t*v + 40*r - 35*r = -503. What is the greatest common factor of 22 and v?
22
Let n be (-216)/(-9)*3/(-6)*1. Let g be ((-144)/(-32))/(n/(-32)). What is the greatest common divisor of 30 and g?
6
Let l be (-4 + 39)/1 - ((-3)/3 - -3). Calculate the greatest common factor of l and 456.
3
Let z(s) = -6*s**2 - 133*s - 1. Let o be z(-22). Let y(r) = -3*r - 6. Let m be y(-9). Calculate the highest common divisor of m and o.
21
Let f = 157 + -81. Let x(j) = -j**3 - 46*j**2 - 309*j - 21. Let d be x(-8). Calculate the greatest common divisor of d and f.
19
Let y(n) = 17*n - 82. Suppose 4*l = -2*i + 20, -3*l - 5*i + 6 = -2. Let w be y(l). Calculate the highest common divisor of w and 5.
5
Let w be (-18)/(-2)*(-4 + 6). Let s(b) = 471*b - 2822. Let t be s(6). What is the highest common factor of w and t?
2
Suppose 40*n - 2*f - 26053 = 37*n, -43430 = -5*n - 5*f. Calculate the highest common divisor of n and 30.
15
Let u(x) = 2*x - 4. Let i be (-8)/(-14)*(-7)/(-2). Let m be u(i). Let b be m*(9/6 - 2) + 102. Calculate the highest common divisor of 34 and b.
34
Let u = 556 + -355. Suppose 9*p = 564 + 1848. What is the highest common divisor of u and p?
67
Suppose r = -297 + 2. Let n = r + 485. What is the greatest common factor of n and 152?
38
Let l(m) = 2*m**3 + 25*m**2 - 17*m - 32. Let d be l(-13). Let g = 223 - 153. What is the greatest common divisor of g and d?
10
Let r(x) = 49 + 21*x + 33 + 17. Let y be r(6). What is the highest common divisor of y and 25?
25
Suppose 268 + 260 = 3*j + 5*z, -2*j + 3*z = -333. What is the highest common divisor of 99 and j?
9
Suppose 2*o + 145 = 7*o. Let g = 134 + -132. Suppose -2*x + x = g*u - 209, -4*x + 809 = -u. What is the greatest common divi